hat are the prime factors of 225?
3, 5
List the prime factors of 12129.
3, 13, 311
What are the prime factors of 2812?
2, 19, 37
What are the prime factors of 27013?
7, 17, 227
What are the prime factors of 2606?
2, 1303
What are the prime factors of 10847?
10847
List the prime factors of 944.
2, 59
List the prime factors of 1359.
3, 151
List the prime factors of 7702.
2, 3851
What are the prime factors of 152?
2, 19
What are the prime factors of 27819?
3, 11, 281
List the prime factors of 1578.
2, 3, 263
List the prime factors of 9148.
2, 2287
List the prime factors of 3239.
41, 79
What are the prime factors of 10799?
10799
What are the prime factors of 3302?
2, 13, 127
List the prime factors of 47147.
47147
List the prime factors of 1844.
2, 461
What are the prime factors of 22319?
11, 2029
List the prime factors of 39955.
5, 61, 131
List the prime factors of 176.
2, 11
What are the prime factors of 716?
2, 179
What are the prime factors of 62?
2, 31
What are the prime factors of 81?
3
List the prime factors of 37103.
11, 3373
List the prime factors of 921.
3, 307
What are the prime factors of 1023?
3, 11, 31
List the prime factors of 46204.
2, 11551
What are the prime factors of 43295?
5, 7, 1237
What are the prime factors of 8221?
8221
List the prime factors of 5104.
2, 11, 29
List the prime factors of 2055.
3, 5, 137
List the prime factors of 625.
5
What are the prime factors of 1019?
1019
List the prime factors of 79954.
2, 7, 5711
List the prime factors of 22219.
17, 1307
List the prime factors of 411.
3, 137
What are the prime factors of 3845?
5, 769
What are the prime factors of 1239?
3, 7, 59
What are the prime factors of 5511?
3, 11, 167
What are the prime factors of 10767?
3, 37, 97
What are the prime factors of 56960?
2, 5, 89
List the prime factors of 6765.
3, 5, 11, 41
What are the prime factors of 9235?
5, 1847
What are the prime factors of 8151?
3, 11, 13, 19
What are the prime factors of 3671?
3671
List the prime factors of 1626.
2, 3, 271
What are the prime factors of 429?
3, 11, 13
What are the prime factors of 198?
2, 3, 11
List the prime factors of 191733.
3, 79, 809
What are the prime factors of 146403?
3, 16267
What are the prime factors of 875?
5, 7
What are the prime factors of 863?
863
List the prime factors of 10452.
2, 3, 13, 67
What are the prime factors of 157209?
3, 13, 29, 139
What are the prime factors of 1598?
2, 17, 47
List the prime factors of 15844.
2, 17, 233
List the prime factors of 2031.
3, 677
What are the prime factors of 2630?
2, 5, 263
What are the prime factors of 9754?
2, 4877
List the prime factors of 51469.
11, 4679
What are the prime factors of 972?
2, 3
What are the prime factors of 16276?
2, 13, 313
What are the prime factors of 60207?
3, 7, 47, 61
What are the prime factors of 4219?
4219
What are the prime factors of 509?
509
List the prime factors of 279.
3, 31
List the prime factors of 351.
3, 13
What are the prime factors of 57399?
3, 19, 53
What are the prime factors of 7777?
7, 11, 101
List the prime factors of 6678.
2, 3, 7, 53
What are the prime factors of 3234?
2, 3, 7, 11
What are the prime factors of 5896?
2, 11, 67
List the prime factors of 2924.
2, 17, 43
List the prime factors of 2658.
2, 3, 443
What are the prime factors of 2146?
2, 29, 37
List the prime factors of 4414.
2, 2207
List the prime factors of 881.
881
What are the prime factors of 16178?
2, 8089
What are the prime factors of 14603?
17, 859
What are the prime factors of 148186?
2, 74093
List the prime factors of 4567.
4567
What are the prime factors of 26215?
5, 7, 107
What are the prime factors of 1725?
3, 5, 23
What are the prime factors of 62176?
2, 29, 67
What are the prime factors of 6917?
6917
What are the prime factors of 808?
2, 101
List the prime factors of 6288.
2, 3, 131
List the prime factors of 25032.
2, 3, 7, 149
List the prime factors of 32251.
32251
List the prime factors of 1815.
3, 5, 11
List the prime factors of 65884.
2, 7, 13, 181
What are the prime factors of 845?
5, 13
List the prime factors of 3319.
3319
List the prime factors of 28925.
5, 13, 89
List the prime factors of 1043.
7, 149
What are the prime factors of 10404?
2, 3, 17
List the prime factors of 38193.
3, 29, 439
List the prime factors of 52850.
2, 5, 7, 151
What are the prime factors of 1195?
5, 239
List the prime factors of 16913.
13, 1301
What are the prime factors of 1290?
2, 3, 5, 43
What are the prime factors of 10461?
3, 11, 317
List the prime factors of 7063.
7, 1009
List the prime factors of 13574.
2, 11, 617
List the prime factors of 2279.
43, 53
List the prime factors of 57809.
57809
List the prime factors of 12999.
3, 7, 619
What are the prime factors of 18388?
2, 4597
What are the prime factors of 383?
383
List the prime factors of 31382.
2, 13, 17, 71
What are the prime factors of 18601?
11, 19, 89
What are the prime factors of 152?
2, 19
What are the prime factors of 40075?
5, 7, 229
List the prime factors of 14497.
7, 19, 109
List the prime factors of 46709.
13, 3593
What are the prime factors of 1006?
2, 503
What are the prime factors of 470?
2, 5, 47
List the prime factors of 36750.
2, 3, 5, 7
List the prime factors of 2295.
3, 5, 17
List the prime factors of 3593.
3593
List the prime factors of 26655.
3, 5, 1777
What are the prime factors of 133768?
2, 23, 727
List the prime factors of 50824.
2, 6353
What are the prime factors of 1072?
2, 67
What are the prime factors of 62096?
2, 3881
What are the prime factors of 2268?
2, 3, 7
List the prime factors of 63952.
2, 7, 571
What are the prime factors of 74235?
3, 5, 7, 101
What are the prime factors of 369?
3, 41
What are the prime factors of 6994?
2, 13, 269
What are the prime factors of 943?
23, 41
List the prime factors of 51537.
3, 41, 419
What are the prime factors of 1116?
2, 3, 31
List the prime factors of 221.
13, 17
List the prime factors of 6141.
3, 23, 89
What are the prime factors of 1473?
3, 491
What are the prime factors of 44262?
2, 3, 2459
List the prime factors of 13609.
31, 439
What are the prime factors of 53819?
53819
List the prime factors of 2780.
2, 5, 139
List the prime factors of 26542.
2, 23, 577
What are the prime factors of 12466?
2, 23, 271
What are the prime factors of 53349?
3, 17783
What are the prime factors of 4170?
2, 3, 5, 139
List the prime factors of 683.
683
List the prime factors of 50138.
2, 11, 43, 53
What are the prime factors of 4477?
11, 37
List the prime factors of 730.
2, 5, 73
List the prime factors of 5250.
2, 3, 5, 7
What are the prime factors of 264?
2, 3, 11
What are the prime factors of 112862?
2, 56431
List the prime factors of 21335.
5, 17, 251
List the prime factors of 4161.
3, 19, 73
List the prime factors of 34893.
3, 3877
List the prime factors of 77954.
2, 38977
What are the prime factors of 9996?
2, 3, 7, 17
List the prime factors of 2584.
2, 17, 19
What are the prime factors of 1029?
3, 7
List the prime factors of 2429.
7, 347
List the prime factors of 10976.
2, 7
What are the prime factors of 1835?
5, 367
List the prime factors of 2143.
2143
List the prime factors of 2233.
7, 11, 29
What are the prime factors of 864?
2, 3
What are the prime factors of 2605?
5, 521
What are the prime factors of 1180?
2, 5, 59
What are the prime factors of 52083?
3, 643
List the prime factors of 225.
3, 5
List the prime factors of 386.
2, 193
List the prime factors of 4479.
3, 1493
List the prime factors of 24015.
3, 5, 1601
List the prime factors of 38659.
67, 577
List the prime factors of 55957.
11, 5087
What are the prime factors of 4455?
3, 5, 11
List the prime factors of 17668.
2, 7, 631
List the prime factors of 8145.
3, 5, 181
What are the prime factors of 5245?
5, 1049
List the prime factors of 1455.
3, 5, 97
What are the prime factors of 6217?
6217
What are the prime factors of 2709?
3, 7, 43
What are the prime factors of 1605?
3, 5, 107
List the prime factors of 19279.
13, 1483
List the prime factors of 205.
5, 41
List the prime factors of 37557.
3, 13, 107
List the prime factors of 47636.
2, 11909
What are the prime factors of 18865?
5, 7, 11
What are the prime factors of 4348?
2, 1087
List the prime factors of 1483.
1483
What are the prime factors of 33538?
2, 41, 409
What are the prime factors of 1342?
2, 